4*q - 4*i - 435. Let n = q - -190. Is n prime?
False
Suppose -10728 = -3*y + 4*s - 9*s, 0 = -2*y - 5*s + 7147. Is y a prime number?
True
Let r(q) = q**2 - 18*q + 16. Let m be r(17). Is ((4 - 3)/(-1))/(m/3719) prime?
True
Let r(w) = 2*w**3 - 15*w**2 + 19*w + 2. Let y be r(6). Suppose 3 = -z, 4*n = 6*z - y*z + 18658. Is n composite?
True
Let u(q) be the third derivative of q**8/20160 - q**7/840 + q**6/180 - 3*q**5/20 + 28*q**2. Let f(o) be the third derivative of u(o). Is f(9) prime?
True
Let z be (-12 + 18 + -12)*(-5)/6. Suppose 240 = w - 3*i - 1865, w - 2101 = z*i. Is w a composite number?
False
Let b = -102554 - -250257. Is b prime?
True
Suppose 4*a = -0*a + 8. Suppose y = -a*y + 15. Suppose -25 = -y*h, -4*t + 3*t = -h - 1472. Is t a composite number?
True
Let a be 978/21 + (-8)/14. Let q = a - 46. Let r(o) = 5*o + 2105. Is r(q) prime?
False
Let i(a) = -3*a**2 + 15*a - 24. Let u be i(2). Is 6843/u*((-27)/3 + 3) a prime number?
False
Let i(n) = -n**3 + 17*n**2 - 31*n + 21. Let o be i(15). Is ((-506)/8)/(50/(-8) + o) prime?
False
Suppose -16295033 + 731959 = -53*b + 6625959. Is b prime?
False
Suppose 35 = -5*h + 12*h. Let g(i) = h*i - i**2 - 11 - 14 + 2*i**2 - 6. Is g(-12) composite?
False
Suppose 14*b - 9881 = -1873. Let a = b + -132. Let m = 1099 - a. Is m prime?
True
Let w = 175054 + -57741. Is w prime?
False
Suppose 20*y - 2014582 - 3065266 = -1600308. Is y a prime number?
True
Let h = 55593 + -26470. Is h a composite number?
False
Suppose 15*p + 24 = 19*p. Is (7 + -26599 + 9)/(p/(-2)) a composite number?
False
Let m = -289119 - -651290. Is m prime?
False
Is 1496/204 - 1869761/(-3) a prime number?
True
Suppose 24*o - 20*o - 20 = 0. Suppose 3*l - 7352 = -5*b, o*l - 12315 = 13*b - 9*b. Is l a prime number?
True
Let w be (-204)/357*(-31087)/2. Suppose 30*r - h + 13323 = 33*r, 0 = -2*r + h + w. Is r prime?
True
Let i(t) = -4*t - 71 + 9258*t**3 - 5*t - 5*t**2 + 29 - 9325*t**3. Is i(-7) prime?
False
Let d = 66923 - 35109. Is d*((-2)/9 + (-13)/(-18)) prime?
True
Let v = 635 + -628. Let k = -9414 + 16531. Suppose k + 6694 = v*p. Is p a prime number?
True
Let p = -259397 - -393666. Is p prime?
True
Suppose 5*i = -4*u + 574255, -52*i + 229719 = -50*i + 5*u. Is i composite?
False
Let v(u) = 67*u - 3066. Let y be v(29). Let p be -640*(7/(-2) + -1). Let m = y + p. Is m a composite number?
True
Let q(f) = 8 + 20 + 12 + 4*f**2 - 28 + 0*f + f. Let y(z) = 2*z + 5. Let x be y(-7). Is q(x) a prime number?
False
Suppose -9*r + 12*r = 6. Is r + (4 - 7) + (-17444)/(-7) a prime number?
False
Let l be ((-388)/20 - -3)*-825. Suppose -2*x = 2*r - 5408, 5*x + 15*r = 20*r + l. Is x a prime number?
False
Let y be 3/1*((-798)/(-18))/7. Suppose n + u = -u + 9, 3*n + 2*u - y = 0. Is 11 - -1356 - (n - 1) composite?
True
Let q(f) = -f**3 - 24*f**2 + 2*f - 2. Let g be q(-24). Let c = -48 - g. Is (3544 - (1 + 0/1)) + c composite?
True
Let l(d) = -d**2 + 3*d + 17. Let i(q) = q**2 - 3*q - 17. Let r(p) = 3*i(p) + 2*l(p). Let f be r(6). Is (1353/(-4) + -1)/(f/(-4)) composite?
True
Suppose 1 = 2*n + 5, 3*n = -j + 250925. Is j composite?
True
Let s(q) = 2*q**2 + 30*q + 67. Let w be s(-30). Let a = 1602 - w. Is a prime?
False
Let v be ((-40)/(-80))/(50/(-48) + 1). Let q(y) = -8*y**2 - 14*y - 26. Let n(z) = -z - 1. Let i(r) = 3*n(r) - q(r). Is i(v) a composite number?
True
Is (140270 - (-1)/(-1)) + (-457 - -467) composite?
True
Suppose -h + 1 = 1. Suppose h*y + 5*j + 2770 = 5*y, 3 = 3*j. Let k = y - -80. Is k composite?
True
Suppose 17267 - 4622 = -9*c. Let w = 1042 - c. Is w a composite number?
False
Let l(a) = -a + 14. Let z be l(4). Suppose -2*v = z, -4*q + 974 = -2*v + 4*v. Suppose -3*u - 4*s = -u - q, -347 = -3*u + 5*s. Is u composite?
True
Let n(j) be the second derivative of 97*j**4/2 + 5*j**2/2 + 2*j. Suppose -4*w = -3*m + w - 6, -4*m - 8 = -3*w. Is n(m) composite?
False
Is 340373/77 + (-2 - ((-162)/(-21))/(-3)) composite?
False
Suppose 14 + 34 = 6*i. Suppose 2*z - i*z = -42. Suppose -z*t - 1046 = -3573. Is t composite?
True
Suppose 4*k - 140 = -2*f + 7*f, 2*k + 3*f = 70. Suppose 5*m - 5*s = k, 2*m = -2*m + 5*s + 33. Suppose 0 = 7*t + m*t - 126. Is t a prime number?
False
Is 114071/2 - (6/42)/((-10)/105) a composite number?
False
Let n be 105/(-18) + 4/(-24). Is 4*n/(-24)*662 composite?
True
Suppose 0 = -22*p + 6*p + 240. Is (-35124)/(-10) + p/(-125)*-5 a composite number?
True
Let v(u) = -136*u + 25. Let p be v(-11). Let w = -1028 + p. Is w composite?
True
Let c(b) = 2*b**2 - 19*b - 8. Let y(x) = -x**3 + 6*x**2 + 9*x - 4. Let r be y(7). Let s be c(r). Is (s - 12394/(-14)) + (-18)/63 prime?
True
Let s = -366 - -544. Suppose s*v = 181*v - 15999. Is v prime?
True
Suppose -5 = -3*r + 4. Suppose -2021 - 2407 = -r*g. Suppose g = -13*v + 7027. Is v prime?
False
Let f(b) = b**3 + 22*b**2 + 19*b + 5. Suppose 4*s + 70 = -2*w, s + 3*w = 7*w - 22. Is f(s) a prime number?
False
Let t(q) = -6*q**3 + 17*q**2 + q - 8. Let i be t(8). Let p = i - -3905. Suppose p = -12*d + 13*d. Is d a prime number?
False
Let f(j) = -3273*j - 5. Let r(o) = 3273*o + 6. Suppose 2*p + 5*g = -12, 9 - 1 = -3*p - 5*g. Let a(b) = p*f(b) + 3*r(b). Is a(-1) a prime number?
True
Let n(r) be the third derivative of -197*r**9/7560 + r**8/20160 - 3*r**5/5 + 3*r**2. Let y(k) be the third derivative of n(k). Is y(-1) prime?
False
Let h(o) = -20 + 11 - o**2 + 11 + 7*o + 3. Let n be h(7). Suppose 2*i = -n*b + 4*i + 565, 0 = -2*b + i + 225. Is b composite?
True
Suppose -k + f + 46 = -3*f, -5*f = -2*k + 95. Suppose -c + 4*c = -4*z + 120, -4*c = 2*z - k. Is z a composite number?
True
Let p(l) = 4*l**2 + 19*l + 8. Let c be p(-7). Suppose 389 = 72*d - c*d. Is d prime?
True
Suppose 226*g - 34*g - 125544768 = 0. Is g a prime number?
True
Let v(i) = -i + 2. Let n be v(4). Let p be 24/(-9)*3246/n. Suppose -p = -3*y - y. Is y a prime number?
False
Let t = 3315693 - 694970. Is t prime?
False
Suppose -2*y = 53 + 115. Let p = 87 + y. Suppose 2*x = -5*t + 12663, x - p*x = 2*t - 5070. Is t prime?
True
Suppose 672*y = 677*y + 45. Let w(r) = -10*r**3 + 11*r**2 + 13*r - 5. Is w(y) a prime number?
True
Let z = 4970373 + -3161854. Is z composite?
True
Suppose -2*i = 4*n - 42054, i - 9735 = -3*n + 21806. Suppose 5440 = -6*g - n. Is 3 - (g - -5 - 0) prime?
True
Suppose -17*d + 12*d = -2*z - 537, 0 = 3*d - 2*z - 323. Let p = -28 + 116. Let r = d - p. Is r composite?
False
Let c(y) = -2*y**3 + y**2. Let j be c(-1). Suppose 4*s - 5*z = 9878, -3*s + 5*z + 7405 = j*z. Is s a composite number?
False
Let m(c) = -5*c + 210. Let l be m(41). Suppose 147 = l*y - 4*n, -3*y = 2*n + 44 - 141. Is y composite?
False
Suppose -w + 4*a = 5, 4*w - 5 - 13 = -3*a. Is (-1*2/w)/(6/(-2853)) prime?
True
Suppose -21*h + 11 = -10*h. Let f(i) = 12265*i**3 + i**2. Let a be f(h). Suppose -3*j + 7371 = 3*u - 5*j, -5*u + a = 3*j. Is u prime?
False
Let r = -5231 + 10251. Suppose 38*p = 33*p + r. Suppose -u = 3*u - p. Is u composite?
False
Let a be -1*(-9 + (4 - 2)) + 3. Suppose 5*j = a, 5*p + 0*j - 2*j - 16 = 0. Is 25809/77 - p/22 a composite number?
True
Let t be (6/(-5))/((-8)/(-20)). Let y be (-1429 + t)/4 - 4. Let a = y - -959. Is a a prime number?
False
Let q(r) = 22*r + 22. Let v(k) = -1. Let b(l) = -q(l) - 6*v(l). Let c be b(-21). Let n = c - -765. Is n a composite number?
True
Let j(s) = 14*s**3 + s**2 - 49*s - 31. Is j(11) a prime number?
False
Suppose -10*m + 5*m + 2960 = 0. Suppose o + m = -3*o. Is -2 - -1 - (o - 2) prime?
True
Suppose 2*k - 57324 = -2*b - 12858, b + 4*k = 22245. Is b a prime number?
True
Let y be 8/8*18462/3. Let d = 10337 - y. Is d a composite number?
True
Let k be (-4)/8 - (-8 + 26552/(-16)). Let m = k - 306. Is m prime?
True
Suppose 7*p - 8*p + 10*p = 123759. Is p composite?
False
Let t(b) = -14*b**2 + 7*b - 7. Let r be t(1). Let i(q) = 19*q**2 + 105*q + 3. Is i(r) a prime number?
False
Let t = -619 + 663. Suppose -3*a + 227 + 64 = 0. Let y = t + a. Is y a composite number?
True
Is 7500664/22 + 282/(-1034) a composite number?
False
Let w = -1273 + 2833. Suppose -2*f + 3130 = 6*n - 2*n, f = -n + w. Is f composite?
True
Let a be -20*955/(-10)*2. Let x = 6958 - a. Is ((-10)/(-45)*-3)/((-4)/x) composite?
False
Is 2 + 302987 + 0*(-17)/306 a prime number?
True
Suppose -5*l + 7 = -4*x - 53, l = x + 15. Let b be 3/x - 66/(-30). Let s(p) = 188*p**3 + 2*